{"id":25,"date":"2019-01-28T09:58:33","date_gmt":"2019-01-28T08:58:33","guid":{"rendered":"https:\/\/www.dolmetschen-hoster.de\/?page_id=25"},"modified":"2020-10-20T10:14:25","modified_gmt":"2020-10-20T08:14:25","slug":"dolmetscher-franzoesisch-spanisch-bonn-rhein-sieg","status":"publish","type":"page","link":"https:\/\/www.dolmetschen-hoster.de\/index.php\/dolmetscher-franzoesisch-spanisch-bonn-rhein-sieg\/","title":{"rendered":"Profil"},"content":{"rendered":"<h1>Sabine Hoster, Dipl.-Dolmetscherin<\/h1>\n<p><strong class=\"orange\">Erm\u00e4chtigt und beeidigt f\u00fcr Franz\u00f6sisch und Spanisch beim OLG K\u00f6ln, VKD-Senior (Verband der Konferenzdolmetscher) mit den Sprachrichtungen Franz\u00f6sisch&lt;&gt;Deutsch und Spanisch&gt;Deutsch <\/strong><\/p>\n<div class=\"two-column\">\n<div class=\"left\">\n<p><strong class=\"orange\">Dipl.-Dolmetschstudium<\/strong> f\u00fcr Franz\u00f6sisch und Spanisch am renommierten Fachbereich f\u00fcr Angewandte Sprachwissenschaften der Johannes Gutenberg-Universit\u00e4t Mainz in Germersheim<\/p>\n<p>Mehrere <strong class=\"orange\">Auslandsaufenthalte und Fortbildungen<\/strong> in Frankreich, Spanien, Gro\u00dfbritannien, Lateinamerika und Afrika<\/p>\n<p>Besch\u00e4ftigung im <strong class=\"orange\">Sprachendienst des BMZ<\/strong> (Bundesministerium f\u00fcr wirtschaftliche Zusammenarbeit und Entwicklung) und beim Dolmetscherpool der EXPO 2000 in Hannover<\/p>\n<p><strong class=\"orange\">Seit 1991 selbst\u00e4ndige Dolmetscherin<\/strong> und \u00dcbersetzerin f\u00fcr \u00f6ffentliche Institutionen und Wirtschaftsunternehmen von der Arbeits- bis hin zur Leitungsebene<\/p>\n<p><strong class=\"orange\">Seit 2006 Konferenzberatung<\/strong> und -organisation<\/p>\n<\/div>\n<div class=\"right\">\n<p><strong class=\"orange\">Thematische Schwerpunkte u. a.:<br \/>\n<\/strong><br \/>\n&#8211; Entwicklungszusammenarbeit<br \/>\n&#8211; Umwelt-, Klimaschutz und erneuerbare Energien<br \/>\n&#8211; Wasser- und Abfallwirtschaft<br \/>\n&#8211; Bildung insb. berufliche Bildung<br \/>\n&#8211; Flugsicherheit<br \/>\n&#8211; Kirche<br \/>\n&#8211; Automobilindustrie<br \/>\n&#8211; Eisen- und Stahlindustrie<br \/>\n&#8211; Telekommunikation<br \/>\n&#8211; Logistik<br \/>\n&#8211; Einzelhandel<\/p>\n<\/div>\n<\/div>\n<hr \/>\n<h1>Mein Netzwerk<\/h1>\n<h2>Alleine kommt man schneller voran, zusammen kommt man weiter&#8230;<\/h2>\n<div class=\"two-column\">\n<div class=\"left\">\n<p><strong class=\"orange\">In 25 Jahren Dolmetscht\u00e4tigkeit habe ich ein breites Netzwerk von Dolmetscher- und \u00dcbersetzerkollegInnen vieler verschiedener Sprachen und Fachgebiete in Deutschland und im Ausland aufgebaut, so dass ich Ihnen f\u00fcr jede Anfrage eine L\u00f6sung anbieten kann.<\/strong><\/p>\n<p>D. h. wenn Sie z. B. eine\/n Kollegin\/en f\u00fcr Polnisch suchen, die\/der Berufssitz Berlin hat und sich in Kirchenthemen auskennt oder wenn Sie einen Kongress zum Thema Elektromobilit\u00e4t in Frankfurt mit den Arbeitssprachen Englisch und Spanisch vorbereiten, bin ich in der Lage, Ihnen daf\u00fcr qualifizierte erfahrene DolmetscherkollegInnen zu organisieren.<\/p>\n<\/div>\n<div class=\"right\">\n<p><strong class=\"orange\">Dabei lege ich insbesonderen Wert auf:<\/strong><br \/>\n&#8211; Qualifikation<br \/>\n&#8211; Professionalit\u00e4t<br \/>\n&#8211; Berufserfahrung<br \/>\n&#8211; Kollegialit\u00e4t<br \/>\n&#8211; Dienst am Kunden<\/p>\n<p>Dies sind auch die Kriterien, die im <strong class=\"orange\">Berufskodex des VKD<\/strong> (Verband der Konferenzdolmetscher im BD\u00dc) verankert sind, dem ich seit vielen Jahren als VKD-Senior angeh\u00f6re.<\/p>\n<\/div>\n<\/div>\n","protected":false},"excerpt":{"rendered":"<p>Sabine Hoster, Dipl.-Dolmetscherin Erm\u00e4chtigt und beeidigt f\u00fcr Franz\u00f6sisch und Spanisch beim OLG K\u00f6ln, VKD-Senior (Verband der Konferenzdolmetscher) mit den Sprachrichtungen Franz\u00f6sisch&lt;&gt;Deutsch und Spanisch&gt;Deutsch Dipl.-Dolmetschstudium f\u00fcr Franz\u00f6sisch und Spanisch am renommierten <a class=\"more-link\" href=\"https:\/\/www.dolmetschen-hoster.de\/index.php\/dolmetscher-franzoesisch-spanisch-bonn-rhein-sieg\/\">Mehr erfahren &rarr;<\/a><\/p>\n","protected":false},"author":1,"featured_media":0,"parent":0,"menu_order":5,"comment_status":"closed","ping_status":"closed","template":"","meta":[],"_links":{"self":[{"href":"https:\/\/www.dolmetschen-hoster.de\/index.php\/wp-json\/wp\/v2\/pages\/25"}],"collection":[{"href":"https:\/\/www.dolmetschen-hoster.de\/index.php\/wp-json\/wp\/v2\/pages"}],"about":[{"href":"https:\/\/www.dolmetschen-hoster.de\/index.php\/wp-json\/wp\/v2\/types\/page"}],"author":[{"embeddable":true,"href":"https:\/\/www.dolmetschen-hoster.de\/index.php\/wp-json\/wp\/v2\/users\/1"}],"replies":[{"embeddable":true,"href":"https:\/\/www.dolmetschen-hoster.de\/index.php\/wp-json\/wp\/v2\/comments?post=25"}],"version-history":[{"count":10,"href":"https:\/\/www.dolmetschen-hoster.de\/index.php\/wp-json\/wp\/v2\/pages\/25\/revisions"}],"predecessor-version":[{"id":250,"href":"https:\/\/www.dolmetschen-hoster.de\/index.php\/wp-json\/wp\/v2\/pages\/25\/revisions\/250"}],"wp:attachment":[{"href":"https:\/\/www.dolmetschen-hoster.de\/index.php\/wp-json\/wp\/v2\/media?parent=25"}],"curies":[{"name":"wp","href":"https:\/\/api.w.org\/{rel}","templated":true}]}}

<h1>Sabine Hoster, Dipl.-Dolmetscherin</h1>
<p><strong class="orange">Ermächtigt und beeidigt für Französisch und Spanisch beim OLG Köln, VKD-Senior (Verband der Konferenzdolmetscher) mit den Sprachrichtungen Französisch&lt;&gt;Deutsch und Spanisch&gt;Deutsch </strong></p>
<div class="two-column">
<div class="left">
<p><strong class="orange">Dipl.-Dolmetschstudium</strong> für Französisch und Spanisch am renommierten Fachbereich für Angewandte Sprachwissenschaften der Johannes Gutenberg-Universität Mainz in Germersheim</p>
<p>Mehrere <strong class="orange">Auslandsaufenthalte und Fortbildungen</strong> in Frankreich, Spanien, Großbritannien, Lateinamerika und Afrika</p>
<p>Beschäftigung im <strong class="orange">Sprachendienst des BMZ</strong> (Bundesministerium für wirtschaftliche Zusammenarbeit und Entwicklung) und beim Dolmetscherpool der EXPO 2000 in Hannover</p>
<p><strong class="orange">Seit 1991 selbständige Dolmetscherin</strong> und Übersetzerin für öffentliche Institutionen und Wirtschaftsunternehmen von der Arbeits- bis hin zur Leitungsebene</p>
<p><strong class="orange">Seit 2006 Konferenzberatung</strong> und -organisation</p>
</div>
<div class="right">
<p><strong class="orange">Thematische Schwerpunkte u. a.:<br />
</strong><br />
&#8211; Entwicklungszusammenarbeit<br />
&#8211; Umwelt-, Klimaschutz und erneuerbare Energien<br />
&#8211; Wasser- und Abfallwirtschaft<br />
&#8211; Bildung insb. berufliche Bildung<br />
&#8211; Flugsicherheit<br />
&#8211; Kirche<br />
&#8211; Automobilindustrie<br />
&#8211; Eisen- und Stahlindustrie<br />
&#8211; Telekommunikation<br />
&#8211; Logistik<br />
&#8211; Einzelhandel</p>
</div>
</div>
<hr />
<h1>Mein Netzwerk</h1>
<h2>Alleine kommt man schneller voran, zusammen kommt man weiter&#8230;</h2>
<div class="two-column">
<div class="left">
<p><strong class="orange">In 25 Jahren Dolmetschtätigkeit habe ich ein breites Netzwerk von Dolmetscher- und ÜbersetzerkollegInnen vieler verschiedener Sprachen und Fachgebiete in Deutschland und im Ausland aufgebaut, so dass ich Ihnen für jede Anfrage eine Lösung anbieten kann.</strong></p>
<p>D. h. wenn Sie z. B. eine/n Kollegin/en für Polnisch suchen, die/der Berufssitz Berlin hat und sich in Kirchenthemen auskennt oder wenn Sie einen Kongress zum Thema Elektromobilität in Frankfurt mit den Arbeitssprachen Englisch und Spanisch vorbereiten, bin ich in der Lage, Ihnen dafür qualifizierte erfahrene DolmetscherkollegInnen zu organisieren.</p>
</div>
<div class="right">
<p><strong class="orange">Dabei lege ich insbesonderen Wert auf:</strong><br />
&#8211; Qualifikation<br />
&#8211; Professionalität<br />
&#8211; Berufserfahrung<br />
&#8211; Kollegialität<br />
&#8211; Dienst am Kunden</p>
<p>Dies sind auch die Kriterien, die im <strong class="orange">Berufskodex des VKD</strong> (Verband der Konferenzdolmetscher im BDÜ) verankert sind, dem ich seit vielen Jahren als VKD-Senior angehöre.</p>
</div>
</div>

<p>Sabine Hoster, Dipl.-Dolmetscherin Ermächtigt und beeidigt für Französisch und Spanisch beim OLG Köln, VKD-Senior (Verband der Konferenzdolmetscher) mit den Sprachrichtungen Französisch&lt;&gt;Deutsch und Spanisch&gt;Deutsch Dipl.-Dolmetschstudium für Französisch und Spanisch am renommierten <a class="more-link" href="https://www.dolmetschen-hoster.de/index.php/dolmetscher-franzoesisch-spanisch-bonn-rhein-sieg/">Mehr erfahren &rarr;</a></p>
