{"id":309,"date":"2020-10-14T16:57:15","date_gmt":"2020-10-14T14:57:15","guid":{"rendered":"https:\/\/www.dolmetschen-hoster.de\/?page_id=309"},"modified":"2020-11-04T10:56:39","modified_gmt":"2020-11-04T09:56:39","slug":"neuvideokonferenzen","status":"publish","type":"page","link":"https:\/\/www.dolmetschen-hoster.de\/index.php\/neuvideokonferenzen\/","title":{"rendered":"Videokonferenzen"},"content":{"rendered":"<h1>Videokonferenzen<\/h1>\n<h2>&#8222;RSI &#8211; Remote Simultaneous Interpreting&#8220;\u00a0 &#8211; Ferndolmetschen f\u00fcr Videokonferenzen und Online-Veranstaltungen<\/h2>\n<div class=\"two-column\">\n<div class=\"left\">\n<p><strong class=\"orange\">Nicht nur in Corona-Zeiten sondern auch im Zeichen von Klimawandel und Ressourcenschonung geht der Trend hin zu digitalen Konferenzen, bei denen die Sprechbeitr\u00e4ge der Konferenzteilnehmer und die Dolmetscherleistungen \u00fcber Videokonferenzsysteme oder webbasierte Plattformen gestreamt werden.<\/strong><\/p>\n<p>Doch digitale Veranstaltungen haben ihre T\u00fccken: Leitungen k\u00f6nnen zusammenbrechen, es kann zu unangenehmen St\u00f6rger\u00e4uschen kommen usw.<\/p>\n<\/div>\n<div class=\"right\">\n<p>Gute Vorbereitung und professionelle Beratung sichern den Erfolg digitaler Konferenzformate, genauso wie bei ihren analogen Pendants.<strong>&#8230;wir beraten Sie gerne, damit Ihre Konferenz reibungslos abl\u00e4uft und ein voller Erfolg wird!<\/strong><\/p>\n<p><a href=\"mailto:info@dolmetschen-hoster.de\">info@dolmetschen-hoster.de<\/a><br \/>\nTel.: 0228 236891<\/p>\n<\/div>\n<\/div>\n<hr \/>\n<div class=\"two-column\">\n<div class=\"left\">\n<h2>Sie planen<\/h2>\n<ul>\n<li>eine Telefonkonferenz oder Besprechung, die online gedolmetscht werden soll<\/li>\n<li>eine Aufsichtsratssitzung, die wegen Covid 19 als Videokonferenz stattfindet<\/li>\n<li>eine internationale Schulung mit Teilnehmern aus der ganzen Welt, die aus Klimaschutzgr\u00fcnden dieses Mal online organisiert wird<\/li>\n<li>eine Podiumsdiskussion zu einem globalen Thema, die in Echtzeit im Netz gedolmetscht werden soll<\/li>\n<\/ul>\n<\/div>\n<div class=\"right\">\n<h2>&#8230;und brauchen dazu<\/h2>\n<ul>\n<li>Dolmetscher mit Erfahrung im Ferndolmetschen<\/li>\n<li>eine kompetente Beratung f\u00fcr Videokonferenzen \u00fcber Dolmetscherhubs oder Online-Veranstaltungen \u00fcber webbasierte Plattformen<\/li>\n<\/ul>\n<\/div>\n<\/div>\n<div class=\"two-column\">\n<div class=\"left\">\n<h2>wir bieten Ihnen<\/h2>\n<ul>\n<li>als erfahrene professionelle Dolmetscher auch im Bereich Ferndolmetschen die richtige remote simultaneous interpreting oder kurz RSI L\u00f6sung f\u00fcr Ihre Veranstaltung.<\/li>\n<\/ul>\n<\/div>\n<\/div>\n<hr \/>\n<h2 class=\"orange\">Videokonferenztechniken<\/h2>\n<p><strong>Welche M\u00f6glichkeiten gibt es, eine Konferenz oder ein Meeting online durchzuf\u00fchren?<\/strong><\/p>\n<h2>Der &#8222;Dolmetscherhub&#8220; in Ihrer N\u00e4he oder bei Ihnen vor Ort!<\/h2>\n<p>Am sichersten und komfortabelsten f\u00fcr alle Teilnehmer und Dolmetscher sind die sogenannten <strong>Dolmetscherhubs<\/strong>, die entweder vom Technikanbieter in einem Studio oder ad hoc beim Kunden bereitgestellt werden.<\/p>\n<p><strong>\u00a0<\/strong><strong>Die schlagenden Vorteile sind:<\/strong><\/p>\n<ul>\n<li>die sehr gute Audio- und Bildqualit\u00e4t dank stabiler Bandbreite<\/li>\n<li>die Daten- und Ausfallsicherheit<\/li>\n<li>der Testlauf und Live-Support<\/li>\n<\/ul>\n<h2>Videokonferenzplattformen<\/h2>\n<p>K\u00fcrzere Veranstaltungen, wie eine Telefonkonferenz oder ein 2-st\u00fcndiges Meeting mit Ihren Gesch\u00e4ftspartnern k\u00f6nnen auch \u00fcber webbasierte Plattformen gedolmetscht werden. Dann sitzen die Dolmetscher entweder bei Ihnen und die Teilnehmer aus anderen L\u00e4ndern werden zugeschaltet oder sie arbeiten von ihrem eigenen B\u00fcro aus.<\/p>\n<p>Auch hier sollte aber <strong>auf jeden Fall ein Testlauf am Vortag und ein Techniksupport<\/strong> durch einen IT Techniker sichergestellt werden. Au\u00dferdem muss f\u00fcr <strong>Headsets und eine strenge Rededisziplin<\/strong> der Teilnehmer gesorgt werden, damit es zu keinen unerw\u00fcnschten St\u00f6rger\u00e4uschen kommt.<\/p>\n<hr \/>\n<p><strong>Noch Fragen? <\/strong><br \/>\n<strong>Wir helfen Ihnen gerne weiter und machen Ihnen ein unverbindliches Angebot! <\/strong><br \/>\n<a href=\"mailto:info@dolmetschen-hoster.de\">info@dolmetschen-hoster.de<\/a><br \/>\nTel.: 0228 236891<\/p>\n","protected":false},"excerpt":{"rendered":"<p>Videokonferenzen &#8222;RSI &#8211; Remote Simultaneous Interpreting&#8220;\u00a0 &#8211; Ferndolmetschen f\u00fcr Videokonferenzen und Online-Veranstaltungen Nicht nur in Corona-Zeiten sondern auch im Zeichen von Klimawandel und Ressourcenschonung geht der Trend hin zu digitalen <a class=\"more-link\" href=\"https:\/\/www.dolmetschen-hoster.de\/index.php\/neuvideokonferenzen\/\">Mehr erfahren &rarr;<\/a><\/p>\n","protected":false},"author":2,"featured_media":368,"parent":0,"menu_order":0,"comment_status":"closed","ping_status":"closed","template":"","meta":[],"_links":{"self":[{"href":"https:\/\/www.dolmetschen-hoster.de\/index.php\/wp-json\/wp\/v2\/pages\/309"}],"collection":[{"href":"https:\/\/www.dolmetschen-hoster.de\/index.php\/wp-json\/wp\/v2\/pages"}],"about":[{"href":"https:\/\/www.dolmetschen-hoster.de\/index.php\/wp-json\/wp\/v2\/types\/page"}],"author":[{"embeddable":true,"href":"https:\/\/www.dolmetschen-hoster.de\/index.php\/wp-json\/wp\/v2\/users\/2"}],"replies":[{"embeddable":true,"href":"https:\/\/www.dolmetschen-hoster.de\/index.php\/wp-json\/wp\/v2\/comments?post=309"}],"version-history":[{"count":10,"href":"https:\/\/www.dolmetschen-hoster.de\/index.php\/wp-json\/wp\/v2\/pages\/309\/revisions"}],"predecessor-version":[{"id":417,"href":"https:\/\/www.dolmetschen-hoster.de\/index.php\/wp-json\/wp\/v2\/pages\/309\/revisions\/417"}],"wp:featuredmedia":[{"embeddable":true,"href":"https:\/\/www.dolmetschen-hoster.de\/index.php\/wp-json\/wp\/v2\/media\/368"}],"wp:attachment":[{"href":"https:\/\/www.dolmetschen-hoster.de\/index.php\/wp-json\/wp\/v2\/media?parent=309"}],"curies":[{"name":"wp","href":"https:\/\/api.w.org\/{rel}","templated":true}]}}